ands digit of 405381?
5
What is the units digit of 18459?
9
What is the units digit of 151239?
9
What is the ten thousands digit of 1308739?
0
What is the ten thousands digit of 15757205?
5
What is the hundreds digit of 2037586?
5
What is the units digit of 879103?
3
What is the ten thousands digit of 902357?
0
What is the units digit of 600388?
8
What is the tens digit of 725015?
1
What is the hundred thousands digit of 1511065?
5
What is the millions digit of 2219009?
2
What is the thousands digit of 903324?
3
What is the hundreds digit of 9344079?
0
What is the units digit of 256332?
2
What is the hundreds digit of 7518921?
9
What is the tens digit of 748348?
4
What is the tens digit of 2482893?
9
What is the ten thousands digit of 68544?
6
What is the hundred thousands digit of 358718?
3
What is the thousands digit of 274134?
4
What is the thousands digit of 1233212?
3
What is the millions digit of 31535856?
1
What is the hundreds digit of 7612903?
9
What is the hundred thousands digit of 13382077?
3
What is the hundreds digit of 1963367?
3
What is the hundred thousands digit of 1304584?
3
What is the millions digit of 2004736?
2
What is the units digit of 598494?
4
What is the hundreds digit of 9241066?
0
What is the hundred thousands digit of 946458?
9
What is the ten thousands digit of 72064?
7
What is the ten thousands digit of 7532862?
3
What is the units digit of 1209252?
2
What is the hundreds digit of 479460?
4
What is the hundred thousands digit of 145630?
1
What is the units digit of 1229073?
3
What is the thousands digit of 13442752?
2
What is the hundred thousands digit of 865743?
8
What is the hundreds digit of 3634?
6
What is the ten thousands digit of 1148381?
4
What is the hundred thousands digit of 623032?
6
What is the units digit of 2532219?
9
What is the hundreds digit of 115786?
7
What is the hundred thousands digit of 4495700?
4
What is the hundreds digit of 491853?
8
What is the hundreds digit of 10892302?
3
What is the thousands digit of 391211?
1
What is the hundreds digit of 7933672?
6
What is the ten thousands digit of 107755?
0
What is the ten thousands digit of 281195?
8
What is the thousands digit of 309629?
9
What is the thousands digit of 123333?
3
What is the thousands digit of 2581316?
1
What is the ten thousands digit of 1094979?
9
What is the hundred thousands digit of 2017024?
0
What is the units digit of 111350?
0
What is the ten thousands digit of 493176?
9
What is the millions digit of 1471430?
1
What is the hundreds digit of 311938?
9
What is the hundreds digit of 14114914?
9
What is the thousands digit of 12929661?
9
What is the tens digit of 37508450?
5
What is the ten thousands digit of 14708821?
0
What is the hundred thousands digit of 228232?
2
What is the tens digit of 1497859?
5
What is the ten thousands digit of 220851?
2
What is the units digit of 14978051?
1
What is the tens digit of 11162042?
4
What is the ten thousands digit of 229273?
2
What is the millions digit of 1386553?
1
What is the tens digit of 27353?
5
What is the units digit of 20636?
6
What is the millions digit of 1850609?
1
What is the units digit of 585090?
0
What is the tens digit of 26783582?
8
What is the hundreds digit of 1319361?
3
What is the units digit of 2354335?
5
What is the millions digit of 4864605?
4
What is the ten thousands digit of 3344629?
4
What is the hundreds digit of 187862?
8
What is the tens digit of 1696474?
7
What is the thousands digit of 207376?
7
What is the tens digit of 318308?
0
What is the ten thousands digit of 129918?
2
What is the thousands digit of 699413?
9
What is the hundreds digit of 510156?
1
What is the tens digit of 9349616?
1
What is the thousands digit of 20260073?
0
What is the hundreds digit of 421627?
6
What is the hundreds digit of 2556591?
5
What is the thousands digit of 1227232?
7
What is the hundreds digit of 334471?
4
What is the hundreds digit of 467020?
0
What is the tens digit of 59206?
0
What is the thousands digit of 69395?
9
What is the ten thousands digit of 103761?
0
What is the tens digit of 8186379?
7
What is the thousands digit of 4073874?
3
What is the tens digit of 1112161?
6
What is the hundreds digit of 2352777?
7
What is the thousands digit of 20623294?
3
What is the tens digit of 27530967?
6
What is the hundreds digit of 4213449?
4
What is the hundred thousands digit of 638259?
6
What is the ten thousands digit of 15453965?
5
What is the tens digit of 373007?
0
What is the hundred thousands digit of 1200643?
2
What is the units digit of 4366593?
3
What is the tens digit of 1720041?
4
What is the units digit of 761553?
3
What is the units digit of 2903165?
5
What is the tens digit of 207100?
0
What is the thousands digit of 1296368?
6
What is the thousands digit of 298439?
8
What is the hundred thousands digit of 400223?
4
What is the hundred thousands digit of 3575322?
5
What is the thousands digit of 20487287?
7
What is the ten thousands digit of 33220453?
2
What is the hundred thousands digit of 2307101?
3
What is the ten thousands digit of 640135?
4
What is the units digit of 7629988?
8
What is the units digit of 413907?
7
What is the ten thousands digit of 6402105?
0
What is the hundreds digit of 1142096?
0
What is the thousands digit of 253481?
3
What is the tens digit of 4277230?
3
What is the tens digit of 67997?
9
What is the millions digit of 5035271?
5
What is the hundred thousands digit of 223781?
2
What is the ten millions digit of 10829183?
1
What is the hundreds digit of 153043?
0
What is the hundreds digit of 1818119?
1
What is the millions digit of 5576217?
5
What is the tens digit of 316576?
7
What is the hundred thousands digit of 4403784?
4
What is the tens digit of 740016?
1
What is the hundred thousands digit of 4396594?
3
What is the units digit of 168822?
2
What is the hundred thousands digit of 184620?
1
What is the thousands digit of 1014510?
4
What is the ten thousands digit of 146844?
4
What is the hundreds digit of 774555?
5
What is the ten thousands digit of 13126361?
2
What is the thousands digit of 1211130?
1
What is the ten millions digit of 26658721?
2
What is the hundred thousands digit of 672786?
6
What is the units digit of 338654?
4
What is the hundred thousands digit of 634979?
6
What is the ten millions digit of 13886723?
1
What is the ten thousands digit of 192366?
9
What is the hundreds digit of 10420734?
7
What is the hundred thousands digit of 135532?
1
What is the units digit of 976062?
2
What is the units digit of 3630764?
4
What is the ten thousands digit of 883653?
8
What is the tens digit of 301981?
8
What is the millions digit of 3399313?
3
What is the tens digit of 4169107?
0
What is the tens digit of 2795469?
6
What is the hundred thousands digit of 717658?
7
What is the ten thousands digit of 1279159?
7
What is the tens digit of 36191?
9
What is the thousands digit of 3639991?
9
What is the hundred thousands digit of 647380?
6
What is the thousands digit of 423310?
3
What is the ten thousands digit of 448363?
4
What is the hundreds digit of 37394394?
3
What is the tens digit of 3524089?
8
What is the hundred thousands digit of 401959?
4
What is the ten thousands digit of 22731223?
3
What is the units digit of 87169?
9
What is the thousands digit of 537636?
7
What is the ten thousands digit of 3348883?
4
What is the thousands digit of 96368?
6
What is the ten thousands digit of 5829218?
2
What is the units digit of 1609616?
6
What is the thousands digit of 486397?
6
What is the thousands digit of 2288726?
8
What is the hundred thousands digit of 232028?
2
What is the ten thousands digit of 139386?
3
What is the millions digit of 7781064?
7
What is the tens digit of 4600765?
6
What is the tens digit of 42082?
8
What is the thousands digit of 877151?
7
What is the thousands digit of 5772451?
2
What is the hundreds digit of 184007?
0
What is the hundreds digit of 47088?
0
What is the units digit of 1997022?
2
What is the millions digit of 6821196?
6
What is the thousands digit of 1622589?
2
What is the tens digit of 7425708?
0
What is the hundred thousands digit of 443330?
4
What is the units digit of 18281244?
4
What is the hundred thousands digit of 298611?
2
What is the thousands digit of 145417?
